{"id":140,"date":"2011-11-30T14:36:17","date_gmt":"2011-11-30T14:36:17","guid":{"rendered":"http:\/\/beratergruppeintegra.wordpress.com\/?page_id=140"},"modified":"2012-04-15T15:47:38","modified_gmt":"2012-04-15T15:47:38","slug":"organisationsentwicklung","status":"publish","type":"page","link":"http:\/\/beratergruppeintegra.at\/?page_id=140","title":{"rendered":"Organisationsentwicklung"},"content":{"rendered":"<p><a href=\"http:\/\/beratergruppeintegra.at\/wp-content\/uploads\/2011\/11\/Organisation_hand.jpg\"><img loading=\"lazy\" class=\"alignnone size-full wp-image-439\" title=\"Organisation_hand\" src=\"http:\/\/beratergruppeintegra.at\/wp-content\/uploads\/2011\/11\/Organisation_hand.jpg\" alt=\"\" width=\"640\" height=\"200\" srcset=\"http:\/\/beratergruppeintegra.at\/wp-content\/uploads\/2011\/11\/Organisation_hand.jpg 640w, http:\/\/beratergruppeintegra.at\/wp-content\/uploads\/2011\/11\/Organisation_hand-300x93.jpg 300w\" sizes=\"(max-width: 640px) 100vw, 640px\" \/><\/a>Unter Organisationsentwicklung verstehen wir bewusst gestaltete Ver\u00e4nderungsprozesse einer Organisation.<br \/>\nGemeinsam mit Ihnen entwickeln wir ad\u00e4quate Formen der Kommunikation, Kooperation und Entscheidungsfindung.<\/p>\n<p><strong><br \/>\nOrganisationsentwicklung&#8230;<\/strong><\/p>\n<ul>\n<li>macht die Beobachtungen und Erfahrungen der Mitarbeiter f\u00fcr die Organisation nutzbar<\/li>\n<li>bef\u00e4higt, die gegenw\u00e4rtige und zuk\u00fcnftige Organisationsrealit\u00e4t bewusst zu gestalten<\/li>\n<li>erm\u00f6glicht die stetige Weiterentwicklung von erfolgreichen Strukturen, Abl\u00e4ufen und Spielregeln<\/li>\n<li>steigert die Effektivit\u00e4t und die Qualit\u00e4t des Arbeitslebens f\u00fcr alle Organisationsmitglieder<\/li>\n<li>erh\u00f6ht die F\u00e4higkeit zur Selbstorganisation<\/li>\n<\/ul>\n","protected":false},"excerpt":{"rendered":"<p>Unter Organisationsentwicklung verstehen wir bewusst gestaltete Ver\u00e4nderungsprozesse einer Organisation. Gemeinsam mit Ihnen entwickeln wir ad\u00e4quate Formen der Kommunikation, Kooperation und Entscheidungsfindung. Organisationsentwicklung&#8230; macht die Beobachtungen und Erfahrungen der Mitarbeiter f\u00fcr die Organisation nutzbar bef\u00e4higt, die gegenw\u00e4rtige und zuk\u00fcnftige Organisationsrealit\u00e4t bewusst &hellip; <a href=\"http:\/\/beratergruppeintegra.at\/?page_id=140\">Weiterlesen <span class=\"meta-nav\">&rarr;<\/span><\/a><\/p>\n","protected":false},"author":1,"featured_media":0,"parent":120,"menu_order":24,"comment_status":"closed","ping_status":"closed","template":"","meta":[],"_links":{"self":[{"href":"http:\/\/beratergruppeintegra.at\/index.php?rest_route=\/wp\/v2\/pages\/140"}],"collection":[{"href":"http:\/\/beratergruppeintegra.at\/index.php?rest_route=\/wp\/v2\/pages"}],"about":[{"href":"http:\/\/beratergruppeintegra.at\/index.php?rest_route=\/wp\/v2\/types\/page"}],"author":[{"embeddable":true,"href":"http:\/\/beratergruppeintegra.at\/index.php?rest_route=\/wp\/v2\/users\/1"}],"replies":[{"embeddable":true,"href":"http:\/\/beratergruppeintegra.at\/index.php?rest_route=%2Fwp%2Fv2%2Fcomments&post=140"}],"version-history":[{"count":4,"href":"http:\/\/beratergruppeintegra.at\/index.php?rest_route=\/wp\/v2\/pages\/140\/revisions"}],"predecessor-version":[{"id":440,"href":"http:\/\/beratergruppeintegra.at\/index.php?rest_route=\/wp\/v2\/pages\/140\/revisions\/440"}],"up":[{"embeddable":true,"href":"http:\/\/beratergruppeintegra.at\/index.php?rest_route=\/wp\/v2\/pages\/120"}],"wp:attachment":[{"href":"http:\/\/beratergruppeintegra.at\/index.php?rest_route=%2Fwp%2Fv2%2Fmedia&parent=140"}],"curies":[{"name":"wp","href":"https:\/\/api.w.org\/{rel}","templated":true}]}}