{"id":217,"date":"2011-11-30T16:00:07","date_gmt":"2011-11-30T16:00:07","guid":{"rendered":"http:\/\/beratergruppeintegra.wordpress.com\/?page_id=217"},"modified":"2023-06-21T07:02:41","modified_gmt":"2023-06-21T07:02:41","slug":"willkommen","status":"publish","type":"page","link":"http:\/\/beratergruppeintegra.at\/","title":{"rendered":"Willkommen bei der Beratergruppe INTEGRA"},"content":{"rendered":"<p style=\"text-align: center;\"><img loading=\"lazy\" class=\"wp-image-1066 aligncenter\" src=\"http:\/\/beratergruppeintegra.at\/wp-content\/uploads\/2023\/06\/webseite-foto-neu-Kopie.png\" alt=\"\" width=\"838\" height=\"315\" srcset=\"http:\/\/beratergruppeintegra.at\/wp-content\/uploads\/2023\/06\/webseite-foto-neu-Kopie.png 2016w, http:\/\/beratergruppeintegra.at\/wp-content\/uploads\/2023\/06\/webseite-foto-neu-Kopie-300x113.png 300w, http:\/\/beratergruppeintegra.at\/wp-content\/uploads\/2023\/06\/webseite-foto-neu-Kopie-1024x385.png 1024w, http:\/\/beratergruppeintegra.at\/wp-content\/uploads\/2023\/06\/webseite-foto-neu-Kopie-768x289.png 768w, http:\/\/beratergruppeintegra.at\/wp-content\/uploads\/2023\/06\/webseite-foto-neu-Kopie-1536x578.png 1536w\" sizes=\"(max-width: 838px) 100vw, 838px\" \/><em>25 Jahre Beratergruppe INTEGRA (2021)<\/em><\/p>\n<p>Wir sind ein Netzwerk von BeraterInnen und SupervisorInnen, die seit vielen Jahren in der Beratergruppe\u00a0INTEGRA\u00a0zusammenarbeiten.<\/p>\n<h3><\/h3>\n<h3>Unser Beratungsverst\u00e4ndnis<\/h3>\n<p>Ziel unserer T\u00e4tigkeit ist, Menschen, Gruppen und Organisationen zu unterst\u00fctzen, sich in eigener Verantwortung zu entwickeln und gew\u00fcnschte Ver\u00e4nderungen zu verwirklichen. Unsere Beratungshaltung beruht auf einem ganzheitlichen Menschen- und Organisationsbild auf der Basis der Integrativen Gestalt-Supervision. Diese setzt neben verbalen Methoden auch erlebnisorientierte Ans\u00e4tze wie Rollenspiele und andere kreative Medien ein.<\/p>\n<h3>Unsere St\u00e4rke &#8211; Ihr Vorteil<\/h3>\n<p>Gemeinsam reflektieren wir in der Beratergruppe\u00a0INTEGRA\u00a0regelm\u00e4\u00dfig unsere beraterische T\u00e4tigkeit und bilden uns gezielt fort. So flie\u00dft das Wissen und die Erfahrung der einzelnen Netzwerkmitglieder als Ganzes in unsere Beratungsarbeit ein. Bei Bedarf beziehen wir auch andere Spezialisten in unsere Projekte mit ein. \u2028Durch diese Zusammenarbeit k\u00f6nnen wir auch umfangreichere Auftr\u00e4ge in einer Institution \u00fcbernehmen. Sie haben dabei den Vorteil eines konzeptionell abgestimmten und koordinierten Vorgehens, das Ihnen professsionelle Beratungsqualit\u00e4t sichert.<\/p>\n<h3>Individuelle L\u00f6sungen f\u00fcr Ihre Situation<\/h3>\n<p>Der erste Schritt unserer Beratungsarbeit ist, dass wir f\u00fcr Sie Ihre derzeitige Situation analysieren, sowie konkrete Fragestellungen und Themen herausfiltern. Daraus entwickeln wir ein ma\u00dfgeschneidertes Beratungskonzept und stimmen mit Ihnen die Ziele und Inhalte ab. Die Umsetzungsphase wird praxis- und zielorientiert gestaltet und durch effiziente Erfolgskontrolle begleitet.<\/p>\n<h3>Unsere Beratungsleistungen<\/h3>\n<p>Supervision, Coaching, Mediation,\u2028 Team- und Organisationsentwicklung, Moderation,\u2028Seminare und Trainings<\/p>\n<p><span style=\"color: #333333;\">\u00a0<\/span><\/p>\n","protected":false},"excerpt":{"rendered":"<p>25 Jahre Beratergruppe INTEGRA (2021) Wir sind ein Netzwerk von BeraterInnen und SupervisorInnen, die seit vielen Jahren in der Beratergruppe\u00a0INTEGRA\u00a0zusammenarbeiten. Unser Beratungsverst\u00e4ndnis Ziel unserer T\u00e4tigkeit ist, Menschen, Gruppen und Organisationen zu unterst\u00fctzen, sich in eigener Verantwortung zu entwickeln und gew\u00fcnschte &hellip; <a href=\"http:\/\/beratergruppeintegra.at\/\">Weiterlesen <span class=\"meta-nav\">&rarr;<\/span><\/a><\/p>\n","protected":false},"author":1,"featured_media":0,"parent":0,"menu_order":0,"comment_status":"closed","ping_status":"open","template":"","meta":[],"_links":{"self":[{"href":"http:\/\/beratergruppeintegra.at\/index.php?rest_route=\/wp\/v2\/pages\/217"}],"collection":[{"href":"http:\/\/beratergruppeintegra.at\/index.php?rest_route=\/wp\/v2\/pages"}],"about":[{"href":"http:\/\/beratergruppeintegra.at\/index.php?rest_route=\/wp\/v2\/types\/page"}],"author":[{"embeddable":true,"href":"http:\/\/beratergruppeintegra.at\/index.php?rest_route=\/wp\/v2\/users\/1"}],"replies":[{"embeddable":true,"href":"http:\/\/beratergruppeintegra.at\/index.php?rest_route=%2Fwp%2Fv2%2Fcomments&post=217"}],"version-history":[{"count":26,"href":"http:\/\/beratergruppeintegra.at\/index.php?rest_route=\/wp\/v2\/pages\/217\/revisions"}],"predecessor-version":[{"id":1076,"href":"http:\/\/beratergruppeintegra.at\/index.php?rest_route=\/wp\/v2\/pages\/217\/revisions\/1076"}],"wp:attachment":[{"href":"http:\/\/beratergruppeintegra.at\/index.php?rest_route=%2Fwp%2Fv2%2Fmedia&parent=217"}],"curies":[{"name":"wp","href":"https:\/\/api.w.org\/{rel}","templated":true}]}}

<p style="text-align: center;"><img loading="lazy" class="wp-image-1066 aligncenter" src="http://beratergruppeintegra.at/wp-content/uploads/2023/06/webseite-foto-neu-Kopie.png" alt="" width="838" height="315" srcset="http://beratergruppeintegra.at/wp-content/uploads/2023/06/webseite-foto-neu-Kopie.png 2016w, http://beratergruppeintegra.at/wp-content/uploads/2023/06/webseite-foto-neu-Kopie-300x113.png 300w, http://beratergruppeintegra.at/wp-content/uploads/2023/06/webseite-foto-neu-Kopie-1024x385.png 1024w, http://beratergruppeintegra.at/wp-content/uploads/2023/06/webseite-foto-neu-Kopie-768x289.png 768w, http://beratergruppeintegra.at/wp-content/uploads/2023/06/webseite-foto-neu-Kopie-1536x578.png 1536w" sizes="(max-width: 838px) 100vw, 838px" /><em>25 Jahre Beratergruppe INTEGRA (2021)</em></p>
<p>Wir sind ein Netzwerk von BeraterInnen und SupervisorInnen, die seit vielen Jahren in der Beratergruppe INTEGRA zusammenarbeiten.</p>
<h3></h3>
<h3>Unser Beratungsverständnis</h3>
<p>Ziel unserer Tätigkeit ist, Menschen, Gruppen und Organisationen zu unterstützen, sich in eigener Verantwortung zu entwickeln und gewünschte Veränderungen zu verwirklichen. Unsere Beratungshaltung beruht auf einem ganzheitlichen Menschen- und Organisationsbild auf der Basis der Integrativen Gestalt-Supervision. Diese setzt neben verbalen Methoden auch erlebnisorientierte Ansätze wie Rollenspiele und andere kreative Medien ein.</p>
<h3>Unsere Stärke &#8211; Ihr Vorteil</h3>
<p>Gemeinsam reflektieren wir in der Beratergruppe INTEGRA regelmäßig unsere beraterische Tätigkeit und bilden uns gezielt fort. So fließt das Wissen und die Erfahrung der einzelnen Netzwerkmitglieder als Ganzes in unsere Beratungsarbeit ein. Bei Bedarf beziehen wir auch andere Spezialisten in unsere Projekte mit ein.  Durch diese Zusammenarbeit können wir auch umfangreichere Aufträge in einer Institution übernehmen. Sie haben dabei den Vorteil eines konzeptionell abgestimmten und koordinierten Vorgehens, das Ihnen professsionelle Beratungsqualität sichert.</p>
<h3>Individuelle Lösungen für Ihre Situation</h3>
<p>Der erste Schritt unserer Beratungsarbeit ist, dass wir für Sie Ihre derzeitige Situation analysieren, sowie konkrete Fragestellungen und Themen herausfiltern. Daraus entwickeln wir ein maßgeschneidertes Beratungskonzept und stimmen mit Ihnen die Ziele und Inhalte ab. Die Umsetzungsphase wird praxis- und zielorientiert gestaltet und durch effiziente Erfolgskontrolle begleitet.</p>
<h3>Unsere Beratungsleistungen</h3>
<p>Supervision, Coaching, Mediation,  Team- und Organisationsentwicklung, Moderation, Seminare und Trainings</p>
<p><span style="color: #333333;"> </span></p>

<p>25 Jahre Beratergruppe INTEGRA (2021) Wir sind ein Netzwerk von BeraterInnen und SupervisorInnen, die seit vielen Jahren in der Beratergruppe INTEGRA zusammenarbeiten. Unser Beratungsverständnis Ziel unserer Tätigkeit ist, Menschen, Gruppen und Organisationen zu unterstützen, sich in eigener Verantwortung zu entwickeln und gewünschte &hellip; <a href="http://beratergruppeintegra.at/">Weiterlesen <span class="meta-nav">&rarr;</span></a></p>
